{"id":1022,"date":"2025-12-13T14:14:29","date_gmt":"2025-12-13T19:14:29","guid":{"rendered":"https:\/\/magicspavalle.com\/?post_type=product&#038;p=1022"},"modified":"2025-12-13T14:20:42","modified_gmt":"2025-12-13T19:20:42","slug":"serum-facial-activo-30-ml","status":"publish","type":"product","link":"https:\/\/magicspavalle.com\/index.php\/producto\/serum-facial-activo-30-ml\/","title":{"rendered":"S\u00e9rum Facial Activo \u2013 30 ml"},"content":{"rendered":"<p data-start=\"2765\" data-end=\"3008\">S\u00e9rum facial de textura ligera con una alta concentraci\u00f3n de vitamina C y niacinamida. Regenera activamente la piel, mejora su elasticidad y ayuda a suavizar l\u00edneas de expresi\u00f3n, dejando el rostro m\u00e1s firme y luminoso.<\/p>\n","protected":false},"excerpt":{"rendered":"<p>S\u00e9rum concentrado que mejora la elasticidad y suaviza las arrugas.<\/p>\n","protected":false},"featured_media":1030,"comment_status":"open","ping_status":"closed","template":"","meta":{"content-type":""},"product_brand":[],"product_cat":[74],"product_tag":[],"class_list":{"0":"post-1022","1":"product","2":"type-product","3":"status-publish","4":"has-post-thumbnail","6":"product_cat-vitamina-c-b3-niacinamida","8":"first","9":"instock","10":"shipping-taxable","11":"purchasable","12":"product-type-simple"},"jetpack_sharing_enabled":true,"_links":{"self":[{"href":"https:\/\/magicspavalle.com\/index.php\/wp-json\/wp\/v2\/product\/1022","targetHints":{"allow":["GET"]}}],"collection":[{"href":"https:\/\/magicspavalle.com\/index.php\/wp-json\/wp\/v2\/product"}],"about":[{"href":"https:\/\/magicspavalle.com\/index.php\/wp-json\/wp\/v2\/types\/product"}],"replies":[{"embeddable":true,"href":"https:\/\/magicspavalle.com\/index.php\/wp-json\/wp\/v2\/comments?post=1022"}],"version-history":[{"count":1,"href":"https:\/\/magicspavalle.com\/index.php\/wp-json\/wp\/v2\/product\/1022\/revisions"}],"predecessor-version":[{"id":1023,"href":"https:\/\/magicspavalle.com\/index.php\/wp-json\/wp\/v2\/product\/1022\/revisions\/1023"}],"wp:featuredmedia":[{"embeddable":true,"href":"https:\/\/magicspavalle.com\/index.php\/wp-json\/wp\/v2\/media\/1030"}],"wp:attachment":[{"href":"https:\/\/magicspavalle.com\/index.php\/wp-json\/wp\/v2\/media?parent=1022"}],"wp:term":[{"taxonomy":"product_brand","embeddable":true,"href":"https:\/\/magicspavalle.com\/index.php\/wp-json\/wp\/v2\/product_brand?post=1022"},{"taxonomy":"product_cat","embeddable":true,"href":"https:\/\/magicspavalle.com\/index.php\/wp-json\/wp\/v2\/product_cat?post=1022"},{"taxonomy":"product_tag","embeddable":true,"href":"https:\/\/magicspavalle.com\/index.php\/wp-json\/wp\/v2\/product_tag?post=1022"}],"curies":[{"name":"wp","href":"https:\/\/api.w.org\/{rel}","templated":true}]}}